{"id":622,"date":"2018-11-26T12:46:44","date_gmt":"2018-11-26T12:46:44","guid":{"rendered":"http:\/\/www.finnishaviationprofessionals.fi\/index.php\/projects-2\/"},"modified":"2024-11-05T14:27:18","modified_gmt":"2024-11-05T14:27:18","slug":"projects-2","status":"publish","type":"page","link":"http:\/\/www.finnishaviationprofessionals.fi\/index.php\/projects-2\/","title":{"rendered":"Projects"},"content":{"rendered":"<style>\/*! elementor - v3.15.0 - 20-08-2023 *\/\n.elementor-heading-title{padding:0;margin:0;line-height:1}.elementor-widget-heading .elementor-heading-title[class*=elementor-size-]>a{color:inherit;font-size:inherit;line-height:inherit}.elementor-widget-heading .elementor-heading-title.elementor-size-small{font-size:15px}.elementor-widget-heading .elementor-heading-title.elementor-size-medium{font-size:19px}.elementor-widget-heading .elementor-heading-title.elementor-size-large{font-size:29px}.elementor-widget-heading .elementor-heading-title.elementor-size-xl{font-size:39px}.elementor-widget-heading .elementor-heading-title.elementor-size-xxl{font-size:59px}<\/style>\n<h1>J\u00e4senedut<\/h1>\n<style>\/*! elementor - v3.15.0 - 20-08-2023 *\/\n.elementor-widget-image-box .elementor-image-box-content{width:100%}@media (min-width:768px){.elementor-widget-image-box.elementor-position-left .elementor-image-box-wrapper,.elementor-widget-image-box.elementor-position-right .elementor-image-box-wrapper{display:flex}.elementor-widget-image-box.elementor-position-right .elementor-image-box-wrapper{text-align:right;flex-direction:row-reverse}.elementor-widget-image-box.elementor-position-left .elementor-image-box-wrapper{text-align:left;flex-direction:row}.elementor-widget-image-box.elementor-position-top .elementor-image-box-img{margin:auto}.elementor-widget-image-box.elementor-vertical-align-top .elementor-image-box-wrapper{align-items:flex-start}.elementor-widget-image-box.elementor-vertical-align-middle .elementor-image-box-wrapper{align-items:center}.elementor-widget-image-box.elementor-vertical-align-bottom .elementor-image-box-wrapper{align-items:flex-end}}@media (max-width:767px){.elementor-widget-image-box .elementor-image-box-img{margin-left:auto!important;margin-right:auto!important;margin-bottom:15px}}.elementor-widget-image-box .elementor-image-box-img{display:inline-block}.elementor-widget-image-box .elementor-image-box-title a{color:inherit}.elementor-widget-image-box .elementor-image-box-wrapper{text-align:center}.elementor-widget-image-box .elementor-image-box-description{margin:0}<\/style>\n<figure><img decoding=\"async\" width=\"590\" height=\"400\" src=\"http:\/\/www.finnishaviationprofessionals.fi\/wp-content\/uploads\/2022\/02\/4.jpg\" alt=\"\" loading=\"lazy\" \/><\/figure>\n<h4>Danske Bankin asuntolainaetu <\/h4>\n<p>Liiton j\u00e4senelle Danske Bankin asuntolaina ilman toimitusmaksua ja j\u00e4rjestelypalkkiota, jolloin <b>s\u00e4\u00e4st\u00e4t esimerkiksi 200 000 \u20ac lainassa 1200 \u20ac. <\/b>Lis\u00e4ksi saat pienemm\u00e4n marginaalin ja lyhennysvapaat ilman kuluja.<\/p>\n<h4>Pyyd\u00e4 lainatarjous helposti kotisohvalta. Siirr\u00e4mme nykyisen lainasi puolestasi Danske Bankiin. Danske Bankin asiantuntijat kertovat list\u00e4\u00e4 eduista ma-pe 8-20 puh. 0200 25880<\/h4>\n<figure><img decoding=\"async\" width=\"590\" height=\"400\" src=\"http:\/\/www.finnishaviationprofessionals.fi\/wp-content\/uploads\/2022\/02\/7.jpg\" alt=\"\" loading=\"lazy\" \/><\/figure>\n<h4>Members+ j\u00e4senedut<\/h4>\n<p>A-palvelut tarjoaa Akavalaisille ja heid\u00e4n perheilleen hyv\u00e4\u00e4 oloa ja jaksamista tukevia, lomaan ja vapaa-aikaan liittyvi\u00e4 palveluita. Member+ on A-palveluiden omistama j\u00e4senetupalvelu. Member+ tarjoaa ajankohtaisia etuja Akavalaisten ammattiliittojen j\u00e4senille sek\u00e4 heid\u00e4n perheenj\u00e4senilleen.\n<\/p>\n<h4><a href=\"https:\/\/memberplus.fi\/\" target=\"_blank\" rel=\"noopener\">Tutustu j\u00e4senetuihin www.memberplus.fi<\/a><\/h4>\n<figure><img decoding=\"async\" width=\"590\" height=\"400\" src=\"http:\/\/www.finnishaviationprofessionals.fi\/wp-content\/uploads\/2022\/02\/Laki-Fap.jpg\" alt=\"\" loading=\"lazy\" \/><\/figure>\n<h4>Lakipalvelut YTY:n j\u00e4senille<\/h4>\n<p>YTYn ty\u00f6suhdejuristi on vain puhelinsoiton p\u00e4\u00e4ss\u00e4. Voit kysy\u00e4 h\u00e4nelt\u00e4 neuvoja kaikissa ty\u00f6suhteeseesi liittyviss\u00e4 kysymyksiss\u00e4 ja ongelmatilanteissa.\n<\/p>\n<h4>Ty\u00f6suhdeneuvontamme palvelee maksutta YTY:n j\u00e4seni\u00e4 arkisin kello 8.30\u201312.00. puh. (09) 2510 1350<br \/>\ntyosuhdeneuvonta@yty.fi.<br \/>\nPalvelua nopeuttaaksesi kerrothan puhelun aluksi\/mainitsethan s\u00e4hk\u00f6postissasi j\u00e4sennumerosi. J\u00e4sennumero l\u00f6ytyy j\u00e4senkortista.<\/h4>\n<figure><img decoding=\"async\" width=\"590\" height=\"400\" src=\"http:\/\/www.finnishaviationprofessionals.fi\/wp-content\/uploads\/2022\/02\/BREAKFAAST_400.jpg\" alt=\"\" loading=\"lazy\" \/><\/figure>\n<h4>Sokos Hotellit<\/h4>\n<p>Sokos Hotellit tarjoavat liiton j\u00e4senille vapaa-ajan majoituksiin kausittain vaihtuvia tarjouksia. Tarjolla on yli 50 hotellia 28 eri paikkakunnalla Suomessa, sek\u00e4 Original Sokos Hotel Viru ja Solo Sokos Hotel Estoria Tallinnassa ja Pietarissa upeat Original Sokos Hotel Olympia Garden, Solo Sokos Hotel Vasilievsky sek\u00e4 Solo Sokos Hotel Palace Bridge kylpyl\u00e4palveluineen.\n<\/p>\n<h4>Varaukset voit tehd\u00e4 www.sokoshotels.fi -sivulla. Varauskoodi on LIITTO2022. N\u00e4yt\u00e4th\u00e4n j\u00e4senkorttisi vastaanotossa sis\u00e4\u00e4nkirjautuessasi.<\/h4>\n<figure><img decoding=\"async\" width=\"1920\" height=\"1280\" src=\"http:\/\/www.finnishaviationprofessionals.fi\/wp-content\/uploads\/2022\/02\/silja-line.jpg\" alt=\"\" loading=\"lazy\" \/><\/figure>\n<h4>Tallink Silja<\/h4>\n<p>Tallink Silja tarjoaa kuukausittain vaihtuvia erikoisetuja vapaa-ajan matkustukseen.<br \/>\nYTYn j\u00e4senen\u00e4 voit liitty\u00e4 Club One -j\u00e4seneksi ilmaiseksi, mik\u00e4li et viel\u00e4 ole j\u00e4sen. P\u00e4\u00e4set liittym\u00e4\u00e4n suoraan ohjelman keskimm\u00e4iselle, Silver-tasolle. Ilmoittaudu ja t\u00e4yt\u00e4 yhteystietosi ja sopimusetunumero 9057 osoitteessa www.clubone.fi\/erikoisliittyminen. Mik\u00e4li olet jo Club One -j\u00e4sen, nykyinen Club One -asiakasnumerosi pysyy voimassa. Ilmoitathan liittosi nimen (YTY) ja Akavan sopimusetunumeron 9057 osoitteeseen erikoisliittymiset@tallinksilja.com.<br \/>\nLis\u00e4tietoja www.clubone.fi\n<\/p>\n<h4>Hintatiedot ja varaukset<br \/>\nClub One 0600 152 68 (1,75 \u20ac\/ vastattu puhelu + aina pvm\/mpm)<br \/>\nOikeudet muutoksiin pid\u00e4tet\u00e4\u00e4n.<\/h4>\n<figure><img decoding=\"async\" width=\"2560\" height=\"1700\" src=\"http:\/\/www.finnishaviationprofessionals.fi\/wp-content\/uploads\/2022\/02\/on-the-boat-scaled.jpg\" alt=\"\" loading=\"lazy\" \/><\/figure>\n<h4>Viking Line<\/h4>\n<p>Vapaa-ajan risteilyt<br \/>\nEtu on jopa 20 % p\u00e4iv\u00e4n hinnasta.<br \/>\nHelsinki-Tukholma-risteily, jopa<b> <\/b>20 %<br \/>\nSeuraavista hyttiluokista jopa 10 %<b> <\/b>alennus: LYX, LXR, B2X, A2L, A2D, B2T ja B4F), tuotetunnus FKKRY<br \/>\nP\u00e4iv\u00e4risteily Helsingist\u00e4 Tallinnaan jopa 10 %, tuotetunnus FKKRYD<br \/>\nVuorokauden risteily Turusta jopa 10 %, tuotetunnus FKKRY<br \/>\nVaraukseen my\u00f6hemmin teht\u00e4v\u00e4t muutokset saattavat vaikuttaa my\u00f6s aiemmin varattujen palvelujen hintaan. Voit my\u00f6s k\u00e4ytt\u00e4\u00e4 kausittain voimassa olevia arvokuponkitarjouksia, etu kaudesta riippuen jopa 50 % p\u00e4iv\u00e4n hinnasta, tuotetunnus FPKRY.<\/p>\n<h4>Varaukset<br \/>\nwww.vikingline.fi tai myyntipalvelusta. Edullisin hinta netiss\u00e4.<br \/>\npuh. 0600 41577 (2,01 \u20ac\/vastattu puhelu + pvm\/mpm).<\/h4>\n<figure><img decoding=\"async\" width=\"590\" height=\"400\" src=\"http:\/\/www.finnishaviationprofessionals.fi\/wp-content\/uploads\/2022\/02\/Teboil-Ale.jpg\" alt=\"\" loading=\"lazy\" \/><\/figure>\n<h4>Teboil maksuaikakortti ja edullisempi polttoaine<\/h4>\n<p>Teboilin maksuaikakortilla suoritetuista ostoista YTYn j\u00e4senet saavat<br \/>\n<b>2,2 sentti\u00e4\/litra alennusta bensiinist\u00e4 ja diesel\u00f6ljyst\u00e4<br \/>\n5 % nestekaasusta ja<br \/>\n10 % voiteluaineista<\/b> (ei koske yli 10 litran astioita)<br \/>\nAlennus lasketaan asemalla ostohetkell\u00e4 voimassaolevista hinnoista ja alennuksen saa laskutuksen yhteydess\u00e4. Maksuaikakortilla suoritetut ostot veloitetaan kerran kuukaudessa. Laskuun lis\u00e4t\u00e4\u00e4n tilinhoitomaksu 1,35 \u20ac\/lasku.\n<\/p>\n<h4>Yll\u00e4 mainittujen erityisalennusten lis\u00e4ksi Teboilin Maksuaikakortilla saa kuukausittain vaihtuvia kanta-asiakasetuja Teboil-huoltoasemilla.<\/h4>\n<figure><img decoding=\"async\" width=\"590\" height=\"400\" src=\"http:\/\/www.finnishaviationprofessionals.fi\/wp-content\/uploads\/2022\/02\/8_3.jpg\" alt=\"\" loading=\"lazy\" \/><\/figure>\n<h4>Hertz Autovuokraamo<\/h4>\n<p>Akavan j\u00e4senen\u00e4 voit hy\u00f6dynt\u00e4\u00e4 autonvuokrausedut Suomessa ja ulkomailla. jopa <b>15%<\/b> edullisimpaan julkaistusta j\u00e4senetuhintaan. Alennus koskee lyhytaikaisia vuokrauksia.Varaa autosi Hertzin laajasta ajoneuvovalikoimastaja kattavasta toimipisteverkostosta.\n<\/p>\n<h4>Alennuksen saat mainitsemalla Akavan sopimustunnisteen CDP 832070 varausvaiheessa. Varaukset www.hertz.fi, Hertz Varauspalvelusta puh. 0200 11 22 33 (0,75 EUR\/min+pvm\/mpm) tai omasta matkatoimistostasi.<br \/>\nVuokrauksen yhteydess\u00e4 on esitett\u00e4v\u00e4 YTYn j\u00e4senkortti<\/h4>\n<figure><img decoding=\"async\" width=\"590\" height=\"400\" src=\"http:\/\/www.finnishaviationprofessionals.fi\/wp-content\/uploads\/2022\/02\/Eckero-Buffee.jpg\" alt=\"\" loading=\"lazy\" \/><\/figure>\n<h4>Ecker\u00f6 Line<\/h4>\n<p>Ecker\u00f6 Line my\u00f6nt\u00e4\u00e4<b> 20 %<\/b> <b>alennuksen <\/b>p\u00e4iv\u00e4n henkil\u00f6- ja ajoneuvolippujen risteily- tai reittihinnasta ajalla 1.1.-26.6.2022 ja 15.8.2022-28.2.2023. Ajalla 27.6.-14.8.2022 alennus on -10 % kansipaikan osuudesta.<br \/>\nEtu on voimassa my\u00f6s verkosta varatuille ryhmille kokoustila- ja bussivarauksia lukuun ottamatta. Varaudu ilmoittamaan varauksen yhteydess\u00e4 nimet ja syntym\u00e4ajat koko ryhm\u00e4lle.\n<\/p>\n<h4>Varauksissa K\u00e4yt\u00e4 varattaessa tuotekoodia JARJ22. Voimassa oleva j\u00e4sen- \/henkil\u00f6kortti on varauduttava esitt\u00e4m\u00e4\u00e4n lippujen lunastuksen yhteydess\u00e4.<\/h4>\n<figure><img decoding=\"async\" width=\"590\" height=\"400\" src=\"http:\/\/www.finnishaviationprofessionals.fi\/wp-content\/uploads\/2022\/02\/6.jpg\" alt=\"\" loading=\"lazy\" \/><\/figure>\n<h4>Holiday Club<\/h4>\n<p>Holiday Club tarjoaa <b>YTYn j\u00e4senille 15% alennuksen<\/b> kaikista Suomen Holiday Club -kylpyl\u00e4hotelleista ja loma-asunnoista, mm. Saimaalla, Caribiassa, Tampereen Kylpyl\u00e4ss\u00e4, Katinkullassa, Kuusamon Tropiikissa, Sallassa ja Saarisel\u00e4ll\u00e4.<br \/>\nHotellissa hintaan sis\u00e4ltyy majoitus ja aamiaiset. Loma-asunnoissa ja Villas-huoneistoissa pyyhkeet, vuodevaatteet ja loppusiivous. Loma-asunnoissa ja Villaksissa minimimajoitus 2 vrk. Alennus lasketaan majoituksen p\u00e4iv\u00e4n hinnasta.<\/p>\n<h4>Varaukset: www.holidayclub.fi tai puh. 030 68 600.<br \/>\nVarauskoodi: YTY15.<\/h4>\n<h3>Valtava m\u00e4\u00e4r\u00e4  j\u00e4senetuja Members+ sivustolla! <\/h3>\n<p>\t\t\t<a href=\"https:\/\/memberplus.fi\/\" target=\"_blank\" rel=\"noopener\"><br \/>\n\t\t\t\t\t\tTustustu T\u00e4st\u00e4!<br \/>\n\t\t\t\t\t<\/a><\/p>\n","protected":false},"excerpt":{"rendered":"<p>J\u00e4senedut Danske Bankin asuntolainaetu Liiton j\u00e4senelle Danske Bankin asuntolaina ilman toimitusmaksua ja j\u00e4rjestelypalkkiota, jolloin s\u00e4\u00e4st\u00e4t esimerkiksi 200 000 \u20ac lainassa 1200 \u20ac. Lis\u00e4ksi saat pienemm\u00e4n marginaalin ja lyhennysvapaat ilman kuluja. Pyyd\u00e4 lainatarjous helposti kotisohvalta. Siirr\u00e4mme nykyisen lainasi puolestasi Danske Bankiin. Danske Bankin asiantuntijat kertovat list\u00e4\u00e4 eduista ma-pe 8-20 puh. 0200 25880 Members+ j\u00e4senedut A-palvelut tarjoaa [&hellip;]<\/p>\n","protected":false},"author":1,"featured_media":0,"parent":0,"menu_order":0,"comment_status":"closed","ping_status":"closed","template":"","meta":{"site-sidebar-layout":"no-sidebar","site-content-layout":"page-builder","ast-site-content-layout":"full-width-container","site-content-style":"unboxed","site-sidebar-style":"unboxed","ast-global-header-display":"","ast-banner-title-visibility":"","ast-main-header-display":"","ast-hfb-above-header-display":"","ast-hfb-below-header-display":"","ast-hfb-mobile-header-display":"","site-post-title":"disabled","ast-breadcrumbs-content":"","ast-featured-img":"disabled","footer-sml-layout":"","theme-transparent-header-meta":"enabled","adv-header-id-meta":"","stick-header-meta":"","header-above-stick-meta":"","header-main-stick-meta":"","header-below-stick-meta":"","astra-migrate-meta-layouts":"set","ast-page-background-enabled":"default","ast-page-background-meta":{"desktop":{"background-color":"","background-image":"","background-repeat":"repeat","background-position":"center center","background-size":"auto","background-attachment":"scroll","background-type":"","background-media":"","overlay-type":"","overlay-color":"","overlay-opacity":"","overlay-gradient":""},"tablet":{"background-color":"","background-image":"","background-repeat":"repeat","background-position":"center center","background-size":"auto","background-attachment":"scroll","background-type":"","background-media":"","overlay-type":"","overlay-color":"","overlay-opacity":"","overlay-gradient":""},"mobile":{"background-color":"","background-image":"","background-repeat":"repeat","background-position":"center center","background-size":"auto","background-attachment":"scroll","background-type":"","background-media":"","overlay-type":"","overlay-color":"","overlay-opacity":"","overlay-gradient":""}},"ast-content-background-meta":{"desktop":{"background-color":"var(--ast-global-color-5)","background-image":"","background-repeat":"repeat","background-position":"center center","background-size":"auto","background-attachment":"scroll","background-type":"","background-media":"","overlay-type":"","overlay-color":"","overlay-opacity":"","overlay-gradient":""},"tablet":{"background-color":"var(--ast-global-color-5)","background-image":"","background-repeat":"repeat","background-position":"center center","background-size":"auto","background-attachment":"scroll","background-type":"","background-media":"","overlay-type":"","overlay-color":"","overlay-opacity":"","overlay-gradient":""},"mobile":{"background-color":"var(--ast-global-color-5)","background-image":"","background-repeat":"repeat","background-position":"center center","background-size":"auto","background-attachment":"scroll","background-type":"","background-media":"","overlay-type":"","overlay-color":"","overlay-opacity":"","overlay-gradient":""}},"footnotes":""},"class_list":["post-622","page","type-page","status-publish","hentry"],"_links":{"self":[{"href":"http:\/\/www.finnishaviationprofessionals.fi\/index.php\/wp-json\/wp\/v2\/pages\/622","targetHints":{"allow":["GET"]}}],"collection":[{"href":"http:\/\/www.finnishaviationprofessionals.fi\/index.php\/wp-json\/wp\/v2\/pages"}],"about":[{"href":"http:\/\/www.finnishaviationprofessionals.fi\/index.php\/wp-json\/wp\/v2\/types\/page"}],"author":[{"embeddable":true,"href":"http:\/\/www.finnishaviationprofessionals.fi\/index.php\/wp-json\/wp\/v2\/users\/1"}],"replies":[{"embeddable":true,"href":"http:\/\/www.finnishaviationprofessionals.fi\/index.php\/wp-json\/wp\/v2\/comments?post=622"}],"version-history":[{"count":87,"href":"http:\/\/www.finnishaviationprofessionals.fi\/index.php\/wp-json\/wp\/v2\/pages\/622\/revisions"}],"predecessor-version":[{"id":1735,"href":"http:\/\/www.finnishaviationprofessionals.fi\/index.php\/wp-json\/wp\/v2\/pages\/622\/revisions\/1735"}],"wp:attachment":[{"href":"http:\/\/www.finnishaviationprofessionals.fi\/index.php\/wp-json\/wp\/v2\/media?parent=622"}],"curies":[{"name":"wp","href":"https:\/\/api.w.org\/{rel}","templated":true}]}}