{"id":578,"date":"2018-11-26T12:45:57","date_gmt":"2018-11-26T12:45:57","guid":{"rendered":"http:\/\/www.finnishaviationprofessionals.fi\/index.php\/about-2\/"},"modified":"2024-11-05T14:21:34","modified_gmt":"2024-11-05T14:21:34","slug":"about-2","status":"publish","type":"page","link":"http:\/\/www.finnishaviationprofessionals.fi\/index.php\/about-2\/","title":{"rendered":"About"},"content":{"rendered":"<style>\/*! elementor - v3.15.0 - 20-08-2023 *\/\n.elementor-heading-title{padding:0;margin:0;line-height:1}.elementor-widget-heading .elementor-heading-title[class*=elementor-size-]>a{color:inherit;font-size:inherit;line-height:inherit}.elementor-widget-heading .elementor-heading-title.elementor-size-small{font-size:15px}.elementor-widget-heading .elementor-heading-title.elementor-size-medium{font-size:19px}.elementor-widget-heading .elementor-heading-title.elementor-size-large{font-size:29px}.elementor-widget-heading .elementor-heading-title.elementor-size-xl{font-size:39px}.elementor-widget-heading .elementor-heading-title.elementor-size-xxl{font-size:59px}<\/style>\n<h3>Finnish Aviation Professionals ry<\/h3>\n<p>Finnsish Aviation Professionals ry (FAP) on ilmailualan yhdistys, jonka teht\u00e4v\u00e4n\u00e4 ilmailualan ty\u00f6ntekij\u00f6iden edunvalvonta sek\u00e4 ty\u00f6ehdoista sopiminen. Tavoitteenamme on aina saada ty\u00f6ntekij\u00f6ille erinomaiset ty\u00f6ehdot ja samalla sopimuksilla varmistettua ty\u00f6paikkojen s\u00e4ilyminen. Toimimme aktiivisesti eri ilmailualan ty\u00f6nantajien kanssa sek\u00e4 teemme yhteisty\u00f6t\u00e4 my\u00f6s muiden ilmailualan yhdistyksien ja liittojen kanssa niin Suomessa, kuin koko Euroopassakin. Olemme joustavia, toimimme ratkaisukeskeisesti, teemme tuloksia, aina kuitenkin ty\u00f6ntekij\u00e4n ja j\u00e4seniemme etua ajaen!\u00a0<\/p>\n<p>FAP:n j\u00e4seni\u00e4 ty\u00f6skentelee useissa eri ilmailualan yrityksess\u00e4. Hallitus koostuu pitk\u00e4n linjan ilmailualan ammattilaisista, joilla on vankka kokemus yhdistystoiminnasta. Hallituksen j\u00e4senet ovat olleet mukana neuvottelemassa useita ty\u00f6ehtosopimuksia, joilla on Suomeen saatu varmistettua useita satoja ty\u00f6paikkoja, alaa keskim\u00e4\u00e4r\u00e4ist\u00e4 paremmilla ty\u00f6ehdoilla.&nbsp;<\/p>\n<p>FAP &#8211; Finnish Aviation Professionals Ry on ASIAn (Asiantuntijat ja Esihenkil\u00f6t ASIA ry) alainen yhdistys. ASIAn alla ovat muun muassa Norwegianin Suomen tukikohdan lent\u00e4j\u00e4t, Suomen lennonjohtajat sek\u00e4 useat muut ilmailualan ammattilaiset. ASIA&nbsp;on Akavan j\u00e4senliitto.<\/p>\n<h3>Yhdess\u00e4 olemme enemm\u00e4n! Liity j\u00e4seneksi!<\/h3>\n<p>\t\t\t<a href=\"https:\/\/yty.sprintit.fi\/join_as_member\" target=\"_blank\" rel=\"noopener\"><br \/>\n\t\t\t\t\t\tLiity T\u00e4st\u00e4!<br \/>\n\t\t\t\t\t<\/a><\/p>\n","protected":false},"excerpt":{"rendered":"<p>Finnish Aviation Professionals ry Finnsish Aviation Professionals ry (FAP) on ilmailualan yhdistys, jonka teht\u00e4v\u00e4n\u00e4 ilmailualan ty\u00f6ntekij\u00f6iden edunvalvonta sek\u00e4 ty\u00f6ehdoista sopiminen. Tavoitteenamme on aina saada ty\u00f6ntekij\u00f6ille erinomaiset ty\u00f6ehdot ja samalla sopimuksilla varmistettua ty\u00f6paikkojen s\u00e4ilyminen. Toimimme aktiivisesti eri ilmailualan ty\u00f6nantajien kanssa sek\u00e4 teemme yhteisty\u00f6t\u00e4 my\u00f6s muiden ilmailualan yhdistyksien ja liittojen kanssa niin Suomessa, kuin koko Euroopassakin. Olemme [&hellip;]<\/p>\n","protected":false},"author":1,"featured_media":0,"parent":0,"menu_order":0,"comment_status":"closed","ping_status":"closed","template":"","meta":{"site-sidebar-layout":"no-sidebar","site-content-layout":"page-builder","ast-site-content-layout":"full-width-container","site-content-style":"unboxed","site-sidebar-style":"unboxed","ast-global-header-display":"","ast-banner-title-visibility":"","ast-main-header-display":"","ast-hfb-above-header-display":"","ast-hfb-below-header-display":"","ast-hfb-mobile-header-display":"","site-post-title":"disabled","ast-breadcrumbs-content":"","ast-featured-img":"disabled","footer-sml-layout":"","theme-transparent-header-meta":"enabled","adv-header-id-meta":"","stick-header-meta":"","header-above-stick-meta":"","header-main-stick-meta":"","header-below-stick-meta":"","astra-migrate-meta-layouts":"set","ast-page-background-enabled":"default","ast-page-background-meta":{"desktop":{"background-color":"","background-image":"","background-repeat":"repeat","background-position":"center center","background-size":"auto","background-attachment":"scroll","background-type":"","background-media":"","overlay-type":"","overlay-color":"","overlay-opacity":"","overlay-gradient":""},"tablet":{"background-color":"","background-image":"","background-repeat":"repeat","background-position":"center center","background-size":"auto","background-attachment":"scroll","background-type":"","background-media":"","overlay-type":"","overlay-color":"","overlay-opacity":"","overlay-gradient":""},"mobile":{"background-color":"","background-image":"","background-repeat":"repeat","background-position":"center center","background-size":"auto","background-attachment":"scroll","background-type":"","background-media":"","overlay-type":"","overlay-color":"","overlay-opacity":"","overlay-gradient":""}},"ast-content-background-meta":{"desktop":{"background-color":"var(--ast-global-color-5)","background-image":"","background-repeat":"repeat","background-position":"center center","background-size":"auto","background-attachment":"scroll","background-type":"","background-media":"","overlay-type":"","overlay-color":"","overlay-opacity":"","overlay-gradient":""},"tablet":{"background-color":"var(--ast-global-color-5)","background-image":"","background-repeat":"repeat","background-position":"center center","background-size":"auto","background-attachment":"scroll","background-type":"","background-media":"","overlay-type":"","overlay-color":"","overlay-opacity":"","overlay-gradient":""},"mobile":{"background-color":"var(--ast-global-color-5)","background-image":"","background-repeat":"repeat","background-position":"center center","background-size":"auto","background-attachment":"scroll","background-type":"","background-media":"","overlay-type":"","overlay-color":"","overlay-opacity":"","overlay-gradient":""}},"footnotes":""},"class_list":["post-578","page","type-page","status-publish","hentry"],"_links":{"self":[{"href":"http:\/\/www.finnishaviationprofessionals.fi\/index.php\/wp-json\/wp\/v2\/pages\/578","targetHints":{"allow":["GET"]}}],"collection":[{"href":"http:\/\/www.finnishaviationprofessionals.fi\/index.php\/wp-json\/wp\/v2\/pages"}],"about":[{"href":"http:\/\/www.finnishaviationprofessionals.fi\/index.php\/wp-json\/wp\/v2\/types\/page"}],"author":[{"embeddable":true,"href":"http:\/\/www.finnishaviationprofessionals.fi\/index.php\/wp-json\/wp\/v2\/users\/1"}],"replies":[{"embeddable":true,"href":"http:\/\/www.finnishaviationprofessionals.fi\/index.php\/wp-json\/wp\/v2\/comments?post=578"}],"version-history":[{"count":81,"href":"http:\/\/www.finnishaviationprofessionals.fi\/index.php\/wp-json\/wp\/v2\/pages\/578\/revisions"}],"predecessor-version":[{"id":1728,"href":"http:\/\/www.finnishaviationprofessionals.fi\/index.php\/wp-json\/wp\/v2\/pages\/578\/revisions\/1728"}],"wp:attachment":[{"href":"http:\/\/www.finnishaviationprofessionals.fi\/index.php\/wp-json\/wp\/v2\/media?parent=578"}],"curies":[{"name":"wp","href":"https:\/\/api.w.org\/{rel}","templated":true}]}}